{"id":83,"date":"2018-01-26T17:54:03","date_gmt":"2018-01-26T16:54:03","guid":{"rendered":"https:\/\/www.micrositepro.fr\/internet\/?page_id=83"},"modified":"2020-08-10T16:31:36","modified_gmt":"2020-08-10T14:31:36","slug":"definition-referencement-naturel-seo","status":"publish","type":"page","link":"https:\/\/www.micrositepro.fr\/internet\/loffre\/definition-referencement-naturel-seo\/","title":{"rendered":"D\u00e9finition du r\u00e9f\u00e9rencement &#8211; comprendre le SEO"},"content":{"rendered":"<p>Nous avons vu la d\u00e9finition du r\u00e9f\u00e9rencement ou SEO, alors posons-nous les bonnes questions.<\/p>\n<p><strong>Quels sont les crit\u00e8res qui font qu\u2019un r\u00e9f\u00e9rencement fonctionne (quel que soit le moteur de recherche)?<\/strong><\/p>\n<p>Premi\u00e8rement et bien avant le reste bien s\u00fbr, la qualit\u00e9 du travail de la personne en charge du r\u00e9f\u00e9rencement! Il faut un peu s\u2019y conna\u00eetre\u2026 pour obtenir un positionnement initial,\u00a0puis faire \u00e9voluer celui-ci de mani\u00e8re \u00e0 acc\u00e9der \u00e0 la meilleure position.<br \/>\nEnsuite, les fameux\u00a0liens VERS votre site (et pas ceux qui en sortent)\u2026 consid\u00e9rez qu\u2019on vous fait de la pub, on parle de vous\u2026 vous existez donc pour certains sur la toile! Cela paie.<br \/>\nEnfin, le r\u00e9sultat de l\u2019association des deux pr\u00e9c\u00e9dents \u00e9l\u00e9ments: le trafic sur votre site. Plus on vous lit, plus vous montez dans le positionnement. L\u2019effet boule de neige.<\/p>\n<p><strong>Comment r\u00e9f\u00e9rence-t-on?<\/strong><\/p>\n<p>Il existe deux types de r\u00e9f\u00e9rencement: celui, payant, mensuellement, par le biais d\u2019Adwords (qui fonctionne avec Google mais pas avec Bing ni Yahoo, qui ont un syst\u00e8me similaire pour lequel vous devez \u00e9galement payer), et le r\u00e9f\u00e9rencement naturel. On reconna\u00eet le r\u00e9f\u00e9rencement par Adwords au fait que le lien vers le site est pr\u00e9c\u00e9d\u00e9 du terme \u00ab annonce \u00bb. Les r\u00e9sultats du r\u00e9f\u00e9rencement naturel sont ceux que vous obtenez quand vous faites d\u00e9filer la page du moteur de recherche, et avez acc\u00e8s aux liens des sites sans la mention \u00ab annonce \u00bb.<br \/>\nLe r\u00e9f\u00e9rencement naturel existe toujours \u2013 ind\u00e9pendamment du fait qu\u2019on a opt\u00e9 pour du r\u00e9f\u00e9rencement payant \u2013 il peut \u00eatre tr\u00e8s bon, bon ou mauvais. Tout d\u00e9pend si vous travaillez dessus\u2026<\/p>\n<p><a style=\"color: #28538c; text-decoration: none !important;\" name=\"payant\"><\/a><strong>Le r\u00e9f\u00e9rencement payant:<\/strong><\/p>\n<p>Le r\u00e9f\u00e9rencement payant obtient des succ\u00e8s imm\u00e9diats mais de courte dur\u00e9e. Le succ\u00e8s est-il garanti? Pas n\u00e9cessairement: c\u2019est l\u00e0 o\u00f9 les fameux mots-clefs entrent en jeu. Selon la nature de votre contenu, vous allez souhaiter \u00eatre trouv\u00e9 \u00e0 partir de tel(s) ou tel(s) mots clefs. Si vous \u00eates seul \u00e0 vouloir utiliser ce\/ces mot(s) clef(s), vous ne paierez pas tr\u00e8s cher\u2026 si vous \u00eates plusieurs, vous paierez plus. Concurrence accrue = budget accru. Dans une situation concurrentielle, si votre budget est limit\u00e9 et que vous vous cantonnez au chiffre que vous vous \u00eates fix\u00e9 au d\u00e9part, le r\u00e9f\u00e9rencement payant \u2026 ne paiera pas tant que cela. Vous appara\u00eetrez en troisi\u00e8me, quatri\u00e8me page \u2013 voire plus loin. Situation cocasse, le r\u00e9sultat pourra s&rsquo;av\u00e9rer plus ou moins identique \u00e0 un r\u00e9f\u00e9rencement naturel (voire ci-dessous notre exemple des <a href=\"http:\/\/www.les-cyclades-en-voilier.com\" target=\"_blank\" rel=\"noopener noreferrer\">&lsquo;Cyclades en Voilier&rsquo;<\/a>).<\/p>\n<p style=\"padding: 40px;\"><img loading=\"lazy\" decoding=\"async\" class=\"size-large wp-image-85 aligncenter\" src=\"https:\/\/www.micrositepro.fr\/internet\/wp-content\/uploads\/2018\/01\/adwords-24.05-1-1024x640.png\" alt=\"\" width=\"1024\" height=\"640\" srcset=\"https:\/\/www.micrositepro.fr\/internet\/wp-content\/uploads\/2018\/01\/adwords-24.05-1-1024x640.png 1024w, https:\/\/www.micrositepro.fr\/internet\/wp-content\/uploads\/2018\/01\/adwords-24.05-1-300x188.png 300w, https:\/\/www.micrositepro.fr\/internet\/wp-content\/uploads\/2018\/01\/adwords-24.05-1-768x480.png 768w, https:\/\/www.micrositepro.fr\/internet\/wp-content\/uploads\/2018\/01\/adwords-24.05-1-150x94.png 150w, https:\/\/www.micrositepro.fr\/internet\/wp-content\/uploads\/2018\/01\/adwords-24.05-1.png 1280w\" sizes=\"auto, (max-width: 1024px) 100vw, 1024px\" \/><\/p>\n<p>Le r\u00e9f\u00e9rencement payant a-t-il donc une port\u00e9e restreinte? Oui et non. Le fait de faire de la pub qui se positionne correctement (et pas en page 3 ou 4) va attirer des visiteurs sur votre site donc augmenter le trafic. Donc am\u00e9liorer son positionnement naturel. Pendant un certain temps \u2013 pas le temps pendant lequel vous payez, <strong>mais le temps pendant lequel votre site re\u00e7oit ce trafic.<\/strong> Si le trafic baisse, le positionnement descend pour retrouver son positionnement naturel\u2026 surtout si le trafic chez vos concurrents augmente. Effet yoyo.<\/p>\n<p><a style=\"color: #28538c; text-decoration: none !important;\" name=\"ref\"><\/a><strong>Le r\u00e9f\u00e9rencement naturel:<\/strong><\/p>\n<p><a style=\"color: #28538c; text-decoration: none !important;\" name=\"ref\"><\/a><\/p>\n<p><a style=\"color: #28538c; text-decoration: none !important;\" name=\"ref\"><\/a>Le r\u00e9f\u00e9rencement naturel se travaille dans la dur\u00e9e. De mani\u00e8re g\u00e9n\u00e9rale, on estime qu\u2019un site met 3 \u00e0 6 mois pour se positionner. Pour \u00eatre plus pr\u00e9cis, cela va de 3 mois \u00e0 un an: tout d\u00e9pend de la concurrence.\u00a0Nous avons fait quelques \u00e9tudes de cas auxquelles nous vous renvoyons pour mieux comprendre.<br \/>\nPour le r\u00e9f\u00e9rencement naturel, vous ne payez pas pour des mots clefs (vous payez simplement la personne que vous employez pour ce travail\u2026). En moyenne, les agences SEO chargent entre 90 et 400\u20ac par mois (tarification 2017).<br \/>\nQuel est ce travail? Une agence SEO va analyser votre positionnement par rapport \u00e0 celle de vos concurrents, et travailler sur la fa\u00e7on de vous diff\u00e9rencier \u2013\u00a0mais surtout mettre en valeur les points forts de votre contenu. Un travail de longue haleine.<\/p>\n<p><strong>La d\u00e9finition d\u2019un r\u00e9f\u00e9rencement naturel ou SEO r\u00e9ussi:<\/strong><\/p>\n<p>Un site sur lequel le SEO est optimal finira par en faire un incontournable du web tant et si bien que\u00a0ce site deviendra une r\u00e9f\u00e9rence pour les internautes\u2026 \u00a0le moteur de recherche ira puiser dans le contenu de ce site pour afficher des informations phares. Tout seul, gratuitement, sans que vous n\u2019ayez rien pay\u00e9\u2026 Le r\u00eave.<br \/>\nNous avons obtenu ce r\u00e9sultat avec certains de nos clients.<\/p>\n<p>Par d\u00e9finition, le r\u00e9f\u00e9rencement naturel est donc la forme de SEO \u00e0 privil\u00e9gier. Il fait de vous un des acteurs du net sur le long terme.<br \/>\nSi vous \u00eates dans une forte situation concurrentielle, et\/ou si vous voulez obtenir de\u00a0premiers r\u00e9sultats rapidement\u00a0(en gardant bien \u00e0 l\u2019esprit que ces r\u00e9sultats sont \u00ab\u00a0artificiels\u00a0\u00bb), vous pouvez vous engager dans une campagne de pub par\u00a0Adwords.<\/p>\n<p>Pour une ascension plus rapide dans un environnement concurrentiel, le choix sera de privil\u00e9gier une combinaison des 2 m\u00e9thodes de r\u00e9f\u00e9rencement, sachant que si vous n\u2019avez pas le budget n\u00e9cessaire pour Adwords, ce n\u2019est pas si grave \u2013 faites preuve de patience,\u00a0mais surtout, ne n\u00e9gligez jamais le r\u00e9f\u00e9rencement naturel!<\/p>\n<p><strong>Le r\u00e9f\u00e9rencement fait-il partie du projet de d\u00e9veloppement ou de cr\u00e9ation du site ?<\/strong><\/p>\n<p>Oui, le r\u00e9f\u00e9rencement fait partie int\u00e9grante du projet de cr\u00e9ation de site web. Le site se construit en prenant en consid\u00e9ration les choix en la mati\u00e8re, <strong>d\u00e8s le d\u00e9part<\/strong>.<\/p>\n","protected":false},"excerpt":{"rendered":"<p>Nous avons vu la d\u00e9finition du r\u00e9f\u00e9rencement ou SEO, alors posons-nous les bonnes questions. Quels sont les crit\u00e8res qui font qu\u2019un r\u00e9f\u00e9rencement fonctionne (quel que soit le moteur de recherche)? Premi\u00e8rement et bien avant le reste bien s\u00fbr, la qualit\u00e9 du travail de la personne en charge du r\u00e9f\u00e9rencement! Il faut un peu s\u2019y conna\u00eetre\u2026Suite &#8230;<\/p>\n","protected":false},"author":1,"featured_media":409,"parent":371,"menu_order":1,"comment_status":"closed","ping_status":"closed","template":"","meta":{"footnotes":""},"class_list":["post-83","page","type-page","status-publish","has-post-thumbnail","hentry"],"_links":{"self":[{"href":"https:\/\/www.micrositepro.fr\/internet\/wp-json\/wp\/v2\/pages\/83","targetHints":{"allow":["GET"]}}],"collection":[{"href":"https:\/\/www.micrositepro.fr\/internet\/wp-json\/wp\/v2\/pages"}],"about":[{"href":"https:\/\/www.micrositepro.fr\/internet\/wp-json\/wp\/v2\/types\/page"}],"author":[{"embeddable":true,"href":"https:\/\/www.micrositepro.fr\/internet\/wp-json\/wp\/v2\/users\/1"}],"replies":[{"embeddable":true,"href":"https:\/\/www.micrositepro.fr\/internet\/wp-json\/wp\/v2\/comments?post=83"}],"version-history":[{"count":36,"href":"https:\/\/www.micrositepro.fr\/internet\/wp-json\/wp\/v2\/pages\/83\/revisions"}],"predecessor-version":[{"id":841,"href":"https:\/\/www.micrositepro.fr\/internet\/wp-json\/wp\/v2\/pages\/83\/revisions\/841"}],"up":[{"embeddable":true,"href":"https:\/\/www.micrositepro.fr\/internet\/wp-json\/wp\/v2\/pages\/371"}],"wp:featuredmedia":[{"embeddable":true,"href":"https:\/\/www.micrositepro.fr\/internet\/wp-json\/wp\/v2\/media\/409"}],"wp:attachment":[{"href":"https:\/\/www.micrositepro.fr\/internet\/wp-json\/wp\/v2\/media?parent=83"}],"curies":[{"name":"wp","href":"https:\/\/api.w.org\/{rel}","templated":true}]}}