{"id":23,"date":"2018-01-26T11:47:42","date_gmt":"2018-01-26T10:47:42","guid":{"rendered":"https:\/\/www.micrositepro.fr\/internet\/?page_id=23"},"modified":"2020-08-18T16:10:46","modified_gmt":"2020-08-18T14:10:46","slug":"referencement-site-internet","status":"publish","type":"page","link":"https:\/\/www.micrositepro.fr\/internet\/loffre\/referencement-site-internet\/","title":{"rendered":"R\u00e9f\u00e9rencement de site internet \/ SEO"},"content":{"rendered":"\n<h2 style=\"font-size:18px;color:#000036;\">SEO: C\u2019est quoi le r\u00e9f\u00e9rencement d&rsquo;un site internet?<\/h2><br>\n\n\n\n<p style=\"text-align:justify\">Le r\u00e9f\u00e9rencement d\u2019un site internet, c\u2019est son positionnement dans les moteurs de recherche comme Google, Bing, Yahoo. En anglais, on parle de SEO (Search Engine Optimization).<br>Tout le monde a entendu parler de l\u2019algorythme de Google \u2013 c\u2019est ce fameux algorythme qui classe les sites, pour telle ou telle requ\u00eate ou tel ou tel terme de recherche dans le moteur de recherche.<\/p>\n\n\n\n<p style=\"text-align:justify\">Pour Bing et Yahoo, techniquement, les choses fonctionnent un peu diff\u00e9remment \u2013 mais on en revient au m\u00eame point: quelle que soit la m\u00e9thode avec laquelle ils calculent le positionnement ou positionnement d\u2019un site internet, ces moteurs de recherche font votre succ\u00e8s \u2013 ou pas. En effet, on peut avoir un site internet superbe, riche, avec des graphiques, des videos ou des applis dernier cri: si l\u2019on ne peut pas vous trouver, vous ne serez pas vu! (\u00e0 l&rsquo;exception des quelques personnes \u00e0 qui vous transmettrez votre carte de visite).<\/p>\n\n\n\n<p style=\"text-align:justify\"><a name=\"priorite\" style=\"text-decoration:none !important;color:#28538c! important;font-weight:bold\">Vous comprenez alors que le r\u00e9f\u00e9rencement d&rsquo;un site internet est essentiel<\/a> pour optimiser la pr\u00e9sence de l&rsquo;entreprise, de ses services, de ses produits sur la toile. D\u00e9sormais l&rsquo;E-commerce semble cro\u00eetre toujours plus,  la n\u00e9cessit\u00e9 du t\u00e9l\u00e9travail devient elle aussi de son c\u00f4t\u00e9 une question primordiale. Un site internet bien fait et bien r\u00e9f\u00e9renc\u00e9 est un atout majeur dans un monde de plus en plus d\u00e9mat\u00e9rialis\u00e9.<\/p><br><br>\n\n\n\n<h2 style=\"font-size:18px;color:#000036;\">Les questions sur le r\u00e9f\u00e9rencement&#8230;<\/h2><br>\n\n\n\n<p style=\"text-align:justify\">Quand doit-on penser au r\u00e9f\u00e9rencement? Quand l&rsquo;int\u00e9grer au projet de d\u00e9veloppement? Que cible-t-on? Quelle est la position de la concurrence?  <a href=\"https:\/\/www.micrositepro.fr\/internet\/che-va-piano-va-sano\/\">Dans&nbsp; combien de temps les efforts, la strat\u00e9gie dans ce domaine si particulier produiront-ils leurs r\u00e9sultats?<\/a> Et puis surtout, <a aria-label=\"undefined (s\u2019ouvre dans un nouvel onglet)\" href=\"https:\/\/www.lafabriquedunet.fr\/seo\/articles\/cout-referencement-naturel-tarifs-seo\/#:~:text=On%20peut%20distinguer%20quatre%20grandes,int%C3%A9ress%C3%A9es%20par%20le%20r%C3%A9f%C3%A9rencement%20local.\" target=\"_blank\" rel=\"noreferrer noopener nofollow\">quel budget faut-il y consacrer<\/a>? <br><a aria-label=\"undefined (s\u2019ouvre dans un nouvel onglet)\" href=\"https:\/\/www.google.com\/search?q=osteo+le+plessis+robinson\" target=\"_blank\" rel=\"noreferrer noopener\">Qu&rsquo;est ce qu&rsquo;un r\u00e9f\u00e9rencement local?<\/a> Comment proc\u00e9der \u00e0 un r\u00e9f\u00e9rencement &lsquo;(inter)national&rsquo;? Si vous nous demandez de travailler pour vous, avons-nous des r\u00e9sultats tangibles \u00e0 vous montrer?<\/p>\n\n\n\n<p><\/p>\n\n\n\n<p style=\"text-align:justify\">Oui. Consultez nos &lsquo;exemples live&rsquo;.<br><strong>Le r\u00e9f\u00e9rencement d&rsquo;un site internet est une priorit\u00e9.<\/strong> C&rsquo;est la n\u00f4tre, d\u00e8s le d\u00e9but du projet de d\u00e9veloppement de votre site internet. Maintenant que ce point est pr\u00e9cis\u00e9, <a href=\"https:\/\/www.micrositepro.fr\/internet\/loffre\/definition-referencement-naturel-seo\/\">poursuivons!<\/a><\/p>\n","protected":false},"excerpt":{"rendered":"<p>SEO: C\u2019est quoi le r\u00e9f\u00e9rencement d&rsquo;un site internet? Le r\u00e9f\u00e9rencement d\u2019un site internet, c\u2019est son positionnement dans les moteurs de recherche comme Google, Bing, Yahoo. En anglais, on parle de SEO (Search Engine Optimization).Tout le monde a entendu parler de l\u2019algorythme de Google \u2013 c\u2019est ce fameux algorythme qui classe les sites, pour telle ouSuite &#8230;<\/p>\n","protected":false},"author":1,"featured_media":42,"parent":371,"menu_order":0,"comment_status":"closed","ping_status":"closed","template":"","meta":{"footnotes":""},"class_list":["post-23","page","type-page","status-publish","has-post-thumbnail","hentry"],"_links":{"self":[{"href":"https:\/\/www.micrositepro.fr\/internet\/wp-json\/wp\/v2\/pages\/23","targetHints":{"allow":["GET"]}}],"collection":[{"href":"https:\/\/www.micrositepro.fr\/internet\/wp-json\/wp\/v2\/pages"}],"about":[{"href":"https:\/\/www.micrositepro.fr\/internet\/wp-json\/wp\/v2\/types\/page"}],"author":[{"embeddable":true,"href":"https:\/\/www.micrositepro.fr\/internet\/wp-json\/wp\/v2\/users\/1"}],"replies":[{"embeddable":true,"href":"https:\/\/www.micrositepro.fr\/internet\/wp-json\/wp\/v2\/comments?post=23"}],"version-history":[{"count":33,"href":"https:\/\/www.micrositepro.fr\/internet\/wp-json\/wp\/v2\/pages\/23\/revisions"}],"predecessor-version":[{"id":1046,"href":"https:\/\/www.micrositepro.fr\/internet\/wp-json\/wp\/v2\/pages\/23\/revisions\/1046"}],"up":[{"embeddable":true,"href":"https:\/\/www.micrositepro.fr\/internet\/wp-json\/wp\/v2\/pages\/371"}],"wp:featuredmedia":[{"embeddable":true,"href":"https:\/\/www.micrositepro.fr\/internet\/wp-json\/wp\/v2\/media\/42"}],"wp:attachment":[{"href":"https:\/\/www.micrositepro.fr\/internet\/wp-json\/wp\/v2\/media?parent=23"}],"curies":[{"name":"wp","href":"https:\/\/api.w.org\/{rel}","templated":true}]}}